) to base 4
23
Convert 1001 (base 2) to base 11.
9
What is c7 (base 14) in base 6?
451
Convert 3 (base 15) to base 6.
3
What is 1 (base 9) in base 8?
1
Convert -11001 (base 2) to base 5.
-100
Convert 100 (base 2) to base 12.
4
-404 (base 7) to base 15
-d5
What is -193 (base 12) in base 7?
-513
21 (base 9) to base 11
18
Convert -5 (base 11) to base 15.
-5
What is 10 (base 3) in base 4?
3
27 (base 13) to base 5
113
174 (base 10) to base 15
b9
-35 (base 9) to base 10
-32
-216 (base 7) to base 9
-133
What is -11a (base 15) in base 10?
-250
-50 (base 6) to base 2
-11110
What is 0 (base 2) in base 12?
0
What is -156 (base 11) in base 7?
-350
Convert 2 (base 5) to base 6.
2
What is 1 (base 12) in base 2?
1
12 (base 7) to base 9
10
What is 211 (base 6) in base 11?
72
-144 (base 5) to base 9
-54
-461 (base 7) to base 2
-11101111
8 (base 11) to base 6
12
What is 2 (base 11) in base 9?
2
What is 1d (base 16) in base 8?
35
Convert -249 (base 10) to base 14.
-13b
Convert -d (base 16) to base 5.
-23
What is 20 (base 3) in base 13?
6
1011010 (base 2) to base 14
66
0 (base 13) to base 6
0
64 (base 15) to base 14
6a
Convert 5 (base 7) to base 4.
11
What is -12 (base 3) in base 16?
-5
What is 3 (base 15) in base 2?
11
-14 (base 14) to base 7
-24
1 (base 7) to base 10
1
What is -11110 (base 2) in base 11?
-28
What is 204 (base 10) in base 9?
246
-12 (base 4) to base 9
-6
1 (base 9) to base 11
1
Convert 2d (base 15) to base 11.
3a
0 (base 15) to base 12
0
Convert -d (base 15) to base 5.
-23
Convert -6c (base 16) to base 14.
-7a
Convert 42 (base 8) to base 3.
1021
What is 4 (base 5) in base 12?
4
What is -100011100 (base 2) in base 13?
-18b
What is -132 (base 6) in base 2?
-111000
50 (base 10) to base 13
3b
10 (base 7) to base 16
7
Convert 4 (base 16) to base 3.
11
What is 1 (base 10) in base 8?
1
101110 (base 2) to base 13
37
What is 112 (base 7) in base 15?
3d
28 (base 10) to base 2
11100
228 (base 9) to base 8
274
What is 111 (base 2) in base 11?
7
What is 3 (base 8) in base 5?
3
2 (base 3) to base 12
2
-12 (base 6) to base 3
-22
Convert 2 (base 3) to base 11.
2
What is 129 (base 12) in base 4?
2301
What is 8 (base 14) in base 12?
8
10 (base 3) to base 14
3
What is 4 (base 7) in base 8?
4
What is 2 (base 10) in base 14?
2
Convert -15 (base 6) to base 5.
-21
Convert 221 (base 3) to base 11.
23
Convert 0 (base 11) to base 2.
0
Convert 2 (base 7) to base 6.
2
What is -11 (base 13) in base 7?
-20
What is -35 (base 14) in base 3?
-1202
Convert 1124 (base 5) to base 15.
ae
-5 (base 15) to base 2
-101
-13 (base 14) to base 11
-16
Convert 0 (base 12) to base 4.
0
Convert 2 (base 10) to base 15.
2
Convert 1 (base 7) to base 6.
1
What is -1 (base 5) in base 4?
-1
What is 0 (base 7) in base 11?
0
-40 (base 6) to base 3
-220
4 (base 5) to base 7
4
-1002 (base 4) to base 7
-123
What is 13 (base 6) in base 16?
9
-3 (base 7) to base 3
-10
1 (base 6) to base 9
1
Convert -1010001 (base 2) to base 12.
-69
Convert 17 (base 9) to base 5.
31
Convert 11 (base 10) to base 4.
23
What is -6 (base 14) in base 7?
-6
What is 10 (base 7) in base 15?
7
What is 22 (base 5) in base 7?
15
What is 10011111 (base 2) in base 5?
1114
5 (base 15) to base 7
5
-331 (base 4) to base 6
-141
Convert 2 (base 4) to base 8.
2
-11 (base 5) to base 4
-12
What is -130 (base 4) in base 7?
-40
What is -10 (base 4) in base 9?
-4
1 (base 11) to base 5
1
Convert -14c (base 13) to base 14.
-129
What is 0 (base 9) in base 5?
0
What is 230 (base 4) in base 2?
101100
What is 11000 (base 2) in base 15?
19
Convert -8 (base 14) to base 9.
-8
Convert 1323 (base 4) to base 8.
173
What is -4 (base 12) in base 13?
-4
5 (base 16) to base 12
5
Convert -7 (base 15) to base 8.
-7
-d (base 15) to base 10
-13
-12 (base 9) to base 4
-23
Convert 7 (base 11) to base 3.
21
What is 2 (base 14) in base 11?
2
What is -e (base 16) in base 6?
-22
What is 121 (base 8) in base 6?
213
Convert 66 (base 9) to base 5.
220
What is -101110 (base 2) in base 13?
-37
-12111 (base 4) to base 16
-195
What is -211 (base 5) in base 6?
-132
What is 52 (base 12) in base 7?
116
Convert -5 (base 9) to base 12.
-5
What is a2 (base 14) in base 7?
262
-2 (base 15) to base 4
-2
What is -27 (base 10) in base 11?
-25
Convert 40 (base 6) to base 15.
19
Convert 3 (base 12) to base 5.
3
9 (base 13) to base 12
9
Convert 1222 (base 4) to base 12.
8a
What is -69 (base 10) in base 5?
-234
Convert -270 (base 10) to base 11.
-226
Convert -1b6 (base 13) to base 8.
-476
Convert -8c (base 13) to base 5.
-431
What is -2 (base 16) in base 9?
-2
Convert -4 (base 7) to base 12.
-4
79 (base 12) to base 13
72
Convert 10 (base 12) to base 2.
1100
What is -1 (base 11) in base 9?
-1
Convert -6 (base 10) to base 8.
-6
What is -1 (base 8) in base 12?
-1
-b (base 13) to base 8
-13
Convert 1c (base 16) to base 4.
130
Convert -1de (base 15) to base 9.
-532
-69 (base 13) to base 11
-7a
What is -4 (base 5) in base 12?
-4
-112 (base 3) to base 5
-24
What is 43 (base 5) in base 16?
17
Convert 12 (base 4) to base 2.
110
-21211 (base 3) to base 2
-11010011
Convert -40 (base 7) to base 12.
-24
What is -2 (base 7) in base 9?
-2
1000 (base 2) to base 11
8
What is -11110101 (base 2) in base 7?
-500
Convert 8 (base 13) to base 10.
8
26 (base 9) to base 2
11000
Convert -110 (base 3) to base 15.
-c
What is -b (base 16) in base 10?
-11
Convert -1122 (base 3) to base 7.
-62
What is 0 (base 11) in base 5?
0
Convert 99 (base 10) to base 7.
201
154 (base 12) to base 7
415
What is -4 (base 10) in base 7?
-4
Convert -12 (base 3) to base 5.
-10
What is 62 (base 11) in base 6?
152
Convert 1 (base 15) to base 13.
1
Convert -38 (base 9) to base 4.
-203
Convert -11001 (base 2) to base 10.
-25
What is 1 (base 14) in base 13?
1
154 (base 8) to base 16
6c
Convert e (base 15) to base 14.
10
Convert -15 (base 13) to base 11.
-17
-2112 (base 3) to base 13
-53
Convert 13 (base 7) to base 10.
10
Convert 0 (base 11) to base 16.
0
Convert -34 (base 5) to base 6.
-31
What is -2 (base 8) in base 12?
-2
Convert 12 (base 15) to base 14.
13
403 (base 9) to base 15
16c
What is -1 (base 5) in base 3?
-1
-3 (base 12) to base 8
-3
-3 (base 10) to base 7
-3
Convert -13 (base 16) to base 13.
-16
13 (base 8) to base 12
b
10 (base 10) to base 13
a
72 (base 15) to base 8
153
Convert -223 (base 4) to base 12.
-37
What is -312 (base 10) in base 16?
-138
Convert -6 (base 12) to base 6.
-10
What is -2 (base 8) in base 2?
-10
Convert 3 (base 5) to base 7.
3
-222 (base 4) to base 12
-36
What is 131 (base 4) in base 8?
35
11 (base 9) to base 3
101
Convert -1 (base 10) to base 5.
-1
-10 (base 6) to base 8
-6
What is -6 (base 16) in base 6?
-10
-231 (base 4) to base 15
-30
2a (base 13) to base 14
28
-42 (base 7) to base 8
-36
Convert 3 (base 7) to base 11.
3
What is -3 (base 4) in base 11?
-3
Convert -15 (base 11) to base 3.
-121
Convert 10 (base 2) to base 12.
2
Convert -3 (base 9) to base 7.
-3
130 (base 9) to base 16
6c
What is -1 (base 8) in base 3?
-1
What is -21012 (base 3) in base 10?
-194
Convert -111 (base 2) to base 8.
-7
-441 (base 8) to base 13
-193
Convert -21 (base 4) to base 3.
-100
Convert 510 (base 7) to base 5.
2002
Convert 21012 (base 3) to base 13.
11c
Convert -2 (base 3) to base 10.
-2
Convert -59 (base 16) to base 4.
-1121
What is 6 (base 16) in base 8?
6
-1a (base 14) to base 10
-24
-1 (base 15) to base 12
-1
101 (base 5) to base 11
24
93 (base 16) to base 13
b4
What is 277 (base 8) in base 5?
1231
Convert -1321 (base 4) to base 3.
-11111
51 (base 10) to base 8
63
Convert 1 (base 4) to base 15.
1
What is -121 (base 3) in base 14?
-12
0 (base 6) to base 8
0
Convert -3 (base 14) to base 8.
-3
Convert 1 (base 15) to base 6.
1
-10000 (base 3) to base 8
-121
What is -3 (base 8) in base 11?
-3
Convert 261 (base 7) to base 9.
166
What is -8 (base 16) in base 8?
-10
What is -1022 (base 5) in base 6?
-345
4 (base 6) to base 4
10
What is 12 (base 6) in base 9?
8
-4 (base 8) to base 14
-4
Convert -10 (base 3) to base 6.
-3
What is 5 (base 16) in base 15?
5
Convert -142 (base 7) to base 8.
-117
What is 421 (base 5) in base 10?
111
What is -153 (base 8) in base 9?
-128
354 (base 8) to base 10
236
Convert -16 (base 9) to base 7.
-21
-2 (base 15) to base 14
-2
Convert -2 (base 12) to base 6.
-2
What is 20 (base 14) in base 8?
34
What